posite?
False
Is 584417 composite?
False
Is 45481 prime?
True
Is 255803 a prime number?
True
Is 59051 composite?
False
Is 283181 composite?
False
Is 17903 prime?
True
Is 1228813 a prime number?
False
Is 73751 a composite number?
False
Is 16255 prime?
False
Is 180731 a composite number?
False
Is 1543 a composite number?
False
Is 5639 a composite number?
False
Is 59231 a composite number?
True
Is 13367 a composite number?
False
Is 2482933 a prime number?
True
Is 7961 a prime number?
False
Is 32947 prime?
False
Is 183721 a composite number?
True
Is 3037 composite?
False
Is 13897 composite?
True
Is 68329 composite?
False
Is 2171 prime?
False
Is 37043 a composite number?
True
Is 1232119 a prime number?
False
Is 6841 a prime number?
True
Is 5897 composite?
False
Is 140255 prime?
False
Is 84913 a prime number?
True
Is 4987 a prime number?
True
Is 977 composite?
False
Is 144821 a prime number?
False
Is 27597 a composite number?
True
Is 221797 a composite number?
False
Is 1973 a composite number?
False
Is 179337 prime?
False
Is 351617 a composite number?
True
Is 58511 a prime number?
True
Is 1004527 a prime number?
True
Is 334717 prime?
True
Is 349241 composite?
False
Is 23857 composite?
False
Is 48779 a composite number?
False
Is 10099 a composite number?
False
Is 70931 a composite number?
True
Is 884159 a composite number?
False
Is 107957 composite?
True
Is 473597 composite?
False
Is 787 a composite number?
False
Is 2579 prime?
True
Is 70827 prime?
False
Is 307939 a composite number?
False
Is 104837 a prime number?
False
Is 8545 composite?
True
Is 25253 composite?
False
Is 386471 a prime number?
True
Is 18559 prime?
False
Is 7711 a prime number?
False
Is 351107 a prime number?
False
Is 61909 a composite number?
False
Is 306917 a prime number?
False
Is 1037 a prime number?
False
Is 918617 composite?
True
Is 821 a composite number?
False
Is 58505 prime?
False
Is 96743 prime?
False
Is 224699 composite?
False
Is 2024831 composite?
False
Is 1299793 prime?
False
Is 7403 a prime number?
False
Is 65891 composite?
True
Is 4835 a prime number?
False
Is 27397 a prime number?
True
Is 794 a prime number?
False
Is 57415 composite?
True
Is 359269 a composite number?
True
Is 1977 a composite number?
True
Is 199618 composite?
True
Is 238993 prime?
False
Is 15245 composite?
True
Is 253081 a composite number?
False
Is 5342 composite?
True
Is 97655 a composite number?
True
Is 103739 a prime number?
False
Is 9407 composite?
True
Is 801289 a composite number?
False
Is 289301 prime?
False
Is 35797 prime?
True
Is 40423 a prime number?
True
Is 3457 a composite number?
False
Is 34171 a composite number?
False
Is 13861 a prime number?
False
Is 45377 prime?
True
Is 1397 prime?
False
Is 111778 prime?
False
Is 6297 a prime number?
False
Is 11789 a composite number?
False
Is 6936295 composite?
True
Is 577111 a composite number?
False
Is 16381 prime?
True
Is 2391 a prime number?
False
Is 48383 a prime number?
True
Is 33757 a prime number?
True
Is 1513 a prime number?
False
Is 117959 a prime number?
True
Is 101257 composite?
True
Is 146287 a prime number?
False
Is 379 a prime number?
True
Is 89807 a composite number?
True
Is 4049 composite?
False
Is 56273 a composite number?
True
Is 11422 composite?
True
Is 6888955 prime?
False
Is 1006463 a composite number?
False
Is 1147793 a prime number?
True
Is 634 prime?
False
Is 4049 prime?
True
Is 166015 a prime number?
False
Is 5561 composite?
True
Is 261563 a prime number?
True
Is 5501 a prime number?
True
Is 11957 a prime number?
False
Is 89049 a prime number?
False
Is 7819 composite?
True
Is 628333 prime?
False
Is 88211 prime?
True
Is 203561 a composite number?
True
Is 5413 prime?
True
Is 599423 a prime number?
False
Is 191773 composite?
False
Is 17495 a composite number?
True
Is 445427 a composite number?
False
Is 51503 a composite number?
False
Is 109073 a prime number?
True
Is 3017253 a prime number?
False
Is 29321 a prime number?
False
Is 4721 a prime number?
True
Is 29989 a prime number?
True
Is 3313 a composite number?
False
Is 386 a prime number?
False
Is 27179 a prime number?
True
Is 220551 a prime number?
False
Is 331 prime?
True
Is 505027 a prime number?
True
Is 23741 prime?
True
Is 27397 a prime number?
True
Is 9091 prime?
True
Is 3008267 a prime number?
True
Is 151057 prime?
True
Is 2863 a prime number?
False
Is 43831 a composite number?
True
Is 73077 prime?
False
Is 537429 a prime number?
False
Is 13849 prime?
False
Is 8894 a composite number?
True
Is 1040131 a prime number?
False
Is 9349 composite?
False
Is 66221 composite?
False
Is 25211 prime?
False
Is 377413 prime?
False
Is 141257 prime?
True
Is 1727 a composite number?
True
Is 306067 a prime number?
False
Is 47251 prime?
True
Is 926314 a composite number?
True
Is 7669 prime?
True
Is 115547 a prime number?
True
Is 141385 prime?
False
Is 3953 composite?
True
Is 289015 composite?
True
Is 2179643 composite?
False
Is 4861 a prime number?
True
Is 1415377 a composite number?
False
Is 646067 a prime number?
True
Is 153059 a composite number?
False
Is 329009 a composite number?
False
Is 4601 a composite number?
True
Is 10487 a prime number?
True
Is 2098757 a prime number?
True
Is 4282 a prime number?
False
Is 442369 prime?
False
Is 45457 a composite number?
True
Is 6637 prime?
True
Is 296767 a prime number?
True
Is 9143 a prime number?
False
Is 472663 prime?
False
Is 36053 a prime number?
False
Is 14131 a prime number?
False
Is 335843 a prime number?
True
Is 19349 composite?
True
Is 1777 a prime number?
True
Is 599591 a composite number?
False
Is 97193 prime?
False
Is 5557 a prime number?
True
Is 114442 prime?
False
Is 91733 a prime number?
True
Is 77114 a prime number?
False
Is 52131 prime?
False
Is 67601 composite?
False
Is 157099 a prime number?
False
Is 13561 a prime number?
False
Is 2076059 prime?
True
Is 239357 prime?
True
Is 35897 prime?
True
Is 9661 composite?
False
Is 24051 composite?
True
Is 45481 a prime number?
True
Is 849781 a composite number?
True
Is 8881 prime?
False
Is 677413 composite?
True
Is 147638 a prime number?
False
Is 2003081 a composite number?
False
Is 6373 a prime number?
True
Is 555049 a prime number?
False
Is 466639 prime?
False
Is 2391 a composite number?
True
Is 3942809 composite?
True
Is 155941 prime?
False
Is 1611031 a composite number?
False
Is 82361 prime?
True
Is 1486687 composite?
False
Is 1290077 prime?
True
Is 30047 a prime number?
True
Is 2155121 a composite number?
False
Is 480961 a prime number?
False
Is 541 a composite number?
False
Is 12319 a composite number?
True
Is 248581 a prime number?
False
Is 14394793 a composite number?
True
Is 35419 prime?
True
Is 29717 a prime number?
True
Is 23393 composite?
True
Is 1992695 prime?
False
Is 13829 composite?
False
Is 6143 prime?
True
Is 203539 a prime number?
False
Is 190471 a composite number?
False
Is 186097 a composite number?
False
Is 11081 prime?
False
Is 27397 a composite number?
False
Is 88449 prime?
False
Is 122443 composite?
False
Is 994949 prime?
True
Is 63637 composite?
True
Is 1160659 a prime number?
True
Is 10753 composite?
False
Is 3761 prime?
True
Is 560393 composite?
False
Is 6947 prime?
True
Is 36429 a prime number?
False
Is 126073 a prime number?
False
Is 943511 a prime number?
True
Is 191 composite?
False
Is 997 prime?
True
Is 15391 prime?
True
Is 65321 a composite number?
True
Is 109229 composite?
False
Is 323837 composite?
False
Is 24943 a composite number?
False
Is 37619 a prime number?
True
Is 12821 a composite number?
False
Is 229323 a prime number?
False
Is 94687 a composite number?
False
Is 44837 composite?
True
Is 8752309 a composite number?
False
Is 147443 a prime number?
False
Is 2488099 composite?
False
Is 229139 composite?
False
Is 1302443 a composite number?
False
Is 546247 a prime number?
False
Is 1404109 a prime number?
False
Is 40265 a prime number?
False
Is 279467 a prime number?
False
Is 139333 a prime number?
True
Is 613 composite?
False
Is 5087 a composite number?
False
Is 2087095 composite?
True
Is 158291 prime?
False
Is 889311 a composite number?
True
Is 23221 composite?
True
Is 94687 a composite number?
False
Is 2983 composite?
True
Is 9019 a composite number?
True
Is 41011 prime?
True
Is 93907 a prime number?
False
Is 196499 composite?
False
Is 1